s the thousands digit of 13755?
3
What is the thousands digit of 40633?
0
What is the units digit of 23615?
5
What is the tens digit of 40866?
6
What is the units digit of 7062?
2
What is the units digit of 488?
8
What is the ten thousands digit of 31746?
3
What is the thousands digit of 44521?
4
What is the units digit of 7652?
2
What is the tens digit of 2332?
3
What is the units digit of 664?
4
What is the tens digit of 64?
6
What is the thousands digit of 1013?
1
What is the thousands digit of 23190?
3
What is the hundreds digit of 14160?
1
What is the tens digit of 1014?
1
What is the thousands digit of 2178?
2
What is the units digit of 1793?
3
What is the tens digit of 5986?
8
What is the ten thousands digit of 32776?
3
What is the thousands digit of 15895?
5
What is the ten thousands digit of 43541?
4
What is the tens digit of 5393?
9
What is the units digit of 211?
1
What is the ten thousands digit of 92324?
9
What is the thousands digit of 28563?
8
What is the hundreds digit of 212?
2
What is the hundreds digit of 1712?
7
What is the ten thousands digit of 10477?
1
What is the thousands digit of 2804?
2
What is the hundreds digit of 38889?
8
What is the units digit of 39685?
5
What is the hundreds digit of 4060?
0
What is the hundreds digit of 86713?
7
What is the hundreds digit of 2555?
5
What is the thousands digit of 8156?
8
What is the thousands digit of 3004?
3
What is the ten thousands digit of 34147?
3
What is the hundreds digit of 16528?
5
What is the hundred thousands digit of 163557?
1
What is the units digit of 2033?
3
What is the thousands digit of 3631?
3
What is the tens digit of 2343?
4
What is the units digit of 2044?
4
What is the hundreds digit of 202?
2
What is the hundreds digit of 1074?
0
What is the hundreds digit of 3199?
1
What is the units digit of 12500?
0
What is the hundreds digit of 8280?
2
What is the units digit of 5962?
2
What is the units digit of 274?
4
What is the units digit of 2204?
4
What is the tens digit of 664?
6
What is the tens digit of 50?
5
What is the units digit of 92554?
4
What is the hundreds digit of 867?
8
What is the hundreds digit of 19273?
2
What is the hundreds digit of 6261?
2
What is the units digit of 28332?
2
What is the units digit of 405?
5
What is the hundreds digit of 1531?
5
What is the thousands digit of 1471?
1
What is the hundreds digit of 97078?
0
What is the tens digit of 81?
8
What is the ten thousands digit of 11069?
1
What is the units digit of 597?
7
What is the hundreds digit of 789?
7
What is the hundreds digit of 175227?
2
What is the tens digit of 165?
6
What is the ten thousands digit of 63914?
6
What is the hundreds digit of 7871?
8
What is the units digit of 1064?
4
What is the thousands digit of 2975?
2
What is the tens digit of 8585?
8
What is the ten thousands digit of 135405?
3
What is the units digit of 59467?
7
What is the thousands digit of 118471?
8
What is the tens digit of 527?
2
What is the ten thousands digit of 113062?
1
What is the hundreds digit of 496?
4
What is the tens digit of 19281?
8
What is the tens digit of 701?
0
What is the hundreds digit of 735?
7
What is the units digit of 883?
3
What is the tens digit of 6857?
5
What is the tens digit of 880?
8
What is the units digit of 817?
7
What is the ten thousands digit of 70016?
7
What is the tens digit of 97?
9
What is the hundreds digit of 1534?
5
What is the units digit of 5048?
8
What is the tens digit of 2814?
1
What is the units digit of 914?
4
What is the tens digit of 505?
0
What is the tens digit of 4895?
9
What is the hundreds digit of 3788?
7
What is the units digit of 948?
8
What is the units digit of 418?
8
What is the tens digit of 76?
7
What is the tens digit of 791?
9
What is the tens digit of 44?
4
What is the tens digit of 20438?
3
What is the tens digit of 28555?
5
What is the hundreds digit of 672?
6
What is the ten thousands digit of 29359?
2
What is the ten thousands digit of 19837?
1
What is the thousands digit of 16967?
6
What is the thousands digit of 2496?
2
What is the hundreds digit of 4384?
3
What is the thousands digit of 1286?
1
What is the thousands digit of 2658?
2
What is the thousands digit of 41550?
1
What is the ten thousands digit of 26915?
2
What is the units digit of 355?
5
What is the tens digit of 29416?
1
What is the hundreds digit of 342?
3
What is the units digit of 1170?
0
What is the thousands digit of 8273?
8
What is the units digit of 8989?
9
What is the tens digit of 5714?
1
What is the tens digit of 5285?
8
What is the tens digit of 2622?
2
What is the thousands digit of 6669?
6
What is the hundreds digit of 1439?
4
What is the units digit of 263?
3
What is the thousands digit of 1203?
1
What is the hundreds digit of 784?
7
What is the tens digit of 15084?
8
What is the tens digit of 317?
1
What is the hundreds digit of 1763?
7
What is the units digit of 36488?
8
What is the units digit of 499?
9
What is the hundreds digit of 1378?
3
What is the tens digit of 3395?
9
What is the units digit of 1927?
7
What is the units digit of 706?
6
What is the tens digit of 1239?
3
What is the units digit of 8925?
5
What is the units digit of 2173?
3
What is the thousands digit of 5304?
5
What is the units digit of 3048?
8
What is the tens digit of 41065?
6
What is the tens digit of 1282?
8
What is the ten thousands digit of 11144?
1
What is the hundreds digit of 74532?
5
What is the tens digit of 15563?
6
What is the tens digit of 3750?
5
What is the thousands digit of 2671?
2
What is the units digit of 18449?
9
What is the hundreds digit of 540?
5
What is the units digit of 415?
5
What is the thousands digit of 9821?
9
What is the hundreds digit of 728?
7
What is the hundreds digit of 574?
5
What is the hundreds digit of 1519?
5
What is the hundreds digit of 36385?
3
What is the thousands digit of 52571?
2
What is the hundreds digit of 17078?
0
What is the tens digit of 679?
7
What is the tens digit of 382?
8
What is the tens digit of 6757?
5
What is the thousands digit of 30220?
0
What is the thousands digit of 16548?
6
What is the units digit of 65589?
9
What is the hundreds digit of 2776?
7
What is the units digit of 39520?
0
What is the hundred thousands digit of 101353?
1
What is the tens digit of 4171?
7
What is the tens digit of 27?
2
What is the thousands digit of 57931?
7
What is the tens digit of 6455?
5
What is the tens digit of 869?
6
What is the ten thousands digit of 16297?
1
What is the thousands digit of 27454?
7
What is the ten thousands digit of 18140?
1
What is the hundreds digit of 22198?
1
What is the hundreds digit of 252?
2
What is the units digit of 15156?
6
What is the ten thousands digit of 58272?
5
What is the tens digit of 976?
7
What is the tens digit of 653?
5
What is the thousands digit of 14734?
4
What is the units digit of 668?
8
What is the tens digit of 11121?
2
What is the tens digit of 17664?
6
What is the thousands digit of 2856?
2
What is the ten thousands digit of 29208?
2
What is the tens digit of 662?
6
What is the units digit of 1754?
4
What is the hundreds digit of 332?
3
What is the thousands digit of 8644?
8
What is the units digit of 23970?
0
What is the units digit of 1342?
2
What is the tens digit of 903?
0
What is the units digit of 38925?
5
What is the units digit of 5199?
9
What is the ten thousands digit of 16862?
1
What is the tens digit of 1689?
8
What is the hundreds digit of 241?
2
What is the hundreds digit of 3613?
6
What is the thousands digit of 2228?
2
What is the hundreds digit of 651?
6
What is the tens digit of 980?
8
What is the tens digit of 2265?
6
What is the tens digit of 75372?
7
What is the ten thousands digit of 82190?
8
What is the tens digit of 6328?
2
What is the hundreds digit of 3485?
4
What is the units digit of 3736?
6
What is the tens digit of 39104?
0
What is the thousands digit of 3128?
3
What is the units digit of 94?
4
What is the thousands digit of 1953?
1
What is the hundreds digit of 544?
5
What is the units digit of 503?
3
What is the ten thousands digit of 31675?
3
What is the thousands digit of 25295?
5
What is the tens digit of 358?
5
What is the tens digit of 1467?
6
What is the tens digit of 16930?
3
What is the thousands digit of 10012?
0
What is the 